What are the prime factors of 282155?
5, 56431
What are the prime factors of 126095?
5, 25219
List the prime factors of 8888476.
2, 127, 17497
What are the prime factors of 414332?
2, 103583
List the prime factors of 1997892.
2, 3, 13, 1423
What are the prime factors of 16757959?
16757959
List the prime factors of 1339482.
2, 3, 223247
What are the prime factors of 1808648?
2, 19, 73, 163
What are the prime factors of 284692?
2, 103, 691
What are the prime factors of 19352852?
2, 4838213
What are the prime factors of 644347?
11, 19, 3083
What are the prime factors of 230776?
2, 7, 13, 317
List the prime factors of 303944.
2, 37993
What are the prime factors of 9753133?
13, 269, 2789
What are the prime factors of 1298318?
2, 7, 92737
What are the prime factors of 230694?
2, 3, 38449
List the prime factors of 966.
2, 3, 7, 23
What are the prime factors of 473542?
2, 236771
What are the prime factors of 225937?
101, 2237
List the prime factors of 5078217.
3, 227, 7457
What are the prime factors of 11424218?
2, 13, 89, 4937
What are the prime factors of 425324?
2, 106331
What are the prime factors of 84971?
31, 2741
What are the prime factors of 9599437?
9599437
What are the prime factors of 30098986?
2, 61, 246713
List the prime factors of 9877547.
61, 193, 839
List the prime factors of 28193312.
2, 7, 125863
What are the prime factors of 211961?
29, 7309
What are the prime factors of 14449963?
11, 1313633
What are the prime factors of 1643695?
5, 23, 14293
List the prime factors of 5719895.
5, 197, 5807
List the prime factors of 3252760.
2, 5, 7, 11617
List the prime factors of 5238959.
11, 173, 2753
List the prime factors of 248120.
2, 5, 6203
What are the prime factors of 777270?
2, 3, 5, 13, 1993
List the prime factors of 175448.
2, 7, 13, 241
List the prime factors of 190223.
11, 17293
What are the prime factors of 200595?
3, 5, 43, 311
What are the prime factors of 309018?
2, 3, 51503
What are the prime factors of 8436093?
3, 2812031
List the prime factors of 10935272.
2, 467, 2927
What are the prime factors of 968035?
5, 193607
List the prime factors of 1719090.
2, 3, 5, 6367
List the prime factors of 43407.
3, 7, 13, 53
List the prime factors of 2070848.
2, 13, 19, 131
What are the prime factors of 25203085?
5, 317, 15901
What are the prime factors of 131265?
3, 5, 2917
List the prime factors of 307254.
2, 3, 41, 1249
List the prime factors of 173938.
2, 86969
What are the prime factors of 23419708?
2, 13, 79, 5701
List the prime factors of 7304110.
2, 5, 11, 23, 2887
List the prime factors of 28209512.
2, 461, 7649
List the prime factors of 26643509.
26643509
What are the prime factors of 201311?
11, 18301
What are the prime factors of 2354030?
2, 5, 7, 33629
List the prime factors of 1989980.
2, 5, 29, 47, 73
List the prime factors of 6845268.
2, 3, 47, 53, 229
List the prime factors of 45625.
5, 73
List the prime factors of 2774996.
2, 7, 23, 31, 139
List the prime factors of 222192.
2, 3, 1543
What are the prime factors of 3450544?
2, 215659
List the prime factors of 32513.
13, 41, 61
What are the prime factors of 118902?
2, 3, 7, 19, 149
What are the prime factors of 1435308?
2, 3, 7, 2441
List the prime factors of 109749.
3, 36583
List the prime factors of 2284377.
3, 761459
What are the prime factors of 335892?
2, 3, 23, 1217
What are the prime factors of 39554?
2, 19777
List the prime factors of 4133746.
2, 1319, 1567
What are the prime factors of 203470?
2, 5, 20347
List the prime factors of 6371929.
6371929
List the prime factors of 481921.
11, 193, 227
List the prime factors of 717274.
2, 358637
What are the prime factors of 158930?
2, 5, 23, 691
What are the prime factors of 7411883?
31, 373, 641
What are the prime factors of 5358366?
2, 3, 13, 17, 449
What are the prime factors of 237488?
2, 14843
What are the prime factors of 223735?
5, 29, 1543
What are the prime factors of 6921?
3, 769
List the prime factors of 770906.
2, 19, 20287
List the prime factors of 2008908.
2, 3, 11, 19, 89
List the prime factors of 2831637.
3, 281, 3359
What are the prime factors of 189618?
2, 3, 11, 13, 17
List the prime factors of 17533955.
5, 241, 14551
What are the prime factors of 7506501?
3, 19, 79, 1667
List the prime factors of 16349578.
2, 7, 359, 3253
What are the prime factors of 673860?
2, 3, 5, 11, 1021
What are the prime factors of 619855?
5, 151, 821
What are the prime factors of 509257?
7, 19, 547
List the prime factors of 3247912.
2, 405989
What are the prime factors of 1025944?
2, 257, 499
What are the prime factors of 1828419?
3, 127, 4799
List the prime factors of 1079928.
2, 3, 53, 283
What are the prime factors of 221146?
2, 110573
What are the prime factors of 65774?
2, 32887
List the prime factors of 387599.
347, 1117
List the prime factors of 185143.
7, 26449
List the prime factors of 373969.
373969
What are the prime factors of 492015?
3, 5, 32801
What are the prime factors of 3038304?
2, 3, 31649
List the prime factors of 788882.
2, 131, 3011
List the prime factors of 627258.
2, 3, 104543
List the prime factors of 8240069.
53, 155473
List the prime factors of 13101758.
2, 6550879
What are the prime factors of 326995?
5, 17, 3847
List the prime factors of 191601.
3, 61, 349
What are the prime factors of 11274645?
3, 5, 751643
List the prime factors of 466731.
3, 51859
List the prime factors of 9551585.
5, 19, 29, 3467
What are the prime factors of 3728557?
7, 47, 1619
What are the prime factors of 1395955?
5, 11, 17, 1493
List the prime factors of 1125358.
2, 13, 43283
What are the prime factors of 531282?
2, 3, 88547
What are the prime factors of 103498?
2, 51749
List the prime factors of 148415.
5, 29683
List the prime factors of 943356.
2, 3, 127, 619
What are the prime factors of 18100?
2, 5, 181
List the prime factors of 482362.
2, 433, 557
What are the prime factors of 4612964?
2, 1153241
List the prime factors of 14547.
3, 13, 373
List the prime factors of 28889770.
2, 5, 7, 13, 53, 599
What are the prime factors of 13581919?
13, 47, 22229
What are the prime factors of 5654259?
3, 13, 89, 181
List the prime factors of 181125.
3, 5, 7, 23
What are the prime factors of 3389?
3389
What are the prime factors of 21872489?
17, 1286617
List the prime factors of 1458858.
2, 3, 19, 67, 191
What are the prime factors of 165312?
2, 3, 7, 41
What are the prime factors of 280383?
3, 19, 4919
List the prime factors of 2896211.
1543, 1877
What are the prime factors of 11834658?
2, 3, 11, 59771
List the prime factors of 33420.
2, 3, 5, 557
List the prime factors of 3165285.
3, 5, 89, 2371
What are the prime factors of 8197878?
2, 3, 13, 227, 463
List the prime factors of 1032606.
2, 3, 57367
List the prime factors of 1346584.
2, 168323
What are the prime factors of 366896?
2, 23, 997
What are the prime factors of 251451?
3, 67, 139
List the prime factors of 2309803.
2309803
What are the prime factors of 579725?
5, 23189
List the prime factors of 1340145.
3, 5, 1103
What are the prime factors of 17049907?
7, 31, 78571
List the prime factors of 28099407.
3, 7, 163, 8209
List the prime factors of 493242.
2, 3, 82207
List the prime factors of 6331431.
3, 2110477
What are the prime factors of 2487785?
5, 497557
List the prime factors of 3959033.
13, 304541
List the prime factors of 2315328.
2, 3, 31, 389
List the prime factors of 3871189.
7, 17, 32531
List the prime factors of 4438654.
2, 11, 201757
What are the prime factors of 273110?
2, 5, 31, 881
What are the prime factors of 1737335?
5, 37, 9391
What are the prime factors of 10421078?
2, 5210539
What are the prime factors of 2882955?
3, 5, 71, 2707
List the prime factors of 532210.
2, 5, 7, 7603
What are the prime factors of 202555?
5, 17, 2383
List the prime factors of 77902.
2, 11, 3541
What are the prime factors of 1444994?
2, 239, 3023
List the prime factors of 1026362.
2, 101, 5081
What are the prime factors of 479850?
2, 3, 5, 7, 457
List the prime factors of 257180.
2, 5, 7, 11, 167
What are the prime factors of 22848361?
23, 993407
List the prime factors of 184942.
2, 89, 1039
What are the prime factors of 6082042?
2, 653, 4657
List the prime factors of 32066770.
2, 5, 3206677
What are the prime factors of 4954803?
3, 7, 17, 13879
What are the prime factors of 327965